{"id":189,"date":"2026-03-11T16:32:22","date_gmt":"2026-03-11T16:32:22","guid":{"rendered":"https:\/\/lareservedepierrevert.fr\/?page_id=189"},"modified":"2026-03-22T16:28:50","modified_gmt":"2026-03-22T16:28:50","slug":"reservez","status":"publish","type":"page","link":"https:\/\/lareservedepierrevert.fr\/index.php\/reservez\/","title":{"rendered":"R\u00e9servez"},"content":{"rendered":"\n<details class=\"wp-block-details is-layout-flow wp-block-details-is-layout-flow\"><summary>Espace de R\u00e9servation du Domaine de la R\u00e9serve<\/summary>\n<p>La Bastide de la R\u00e9serve<\/p>\n\n\n\n<p>La vigies des Etoiles<\/p>\n\n\n\n<p>Les Terrasses du Verdon<\/p>\n\n\n\n<p>Le Mazet de l&rsquo;Olivier<\/p>\n<\/details>\n\n\n\n<div class=\"wp-block-columns alignfull has-accent-2-background-color has-background is-layout-flex wp-container-core-columns-is-layout-d1c656ed wp-block-columns-is-layout-flex\">\n<div class=\"wp-block-column is-vertically-aligned-center is-layout-flow wp-block-column-is-layout-flow\" style=\"flex-basis:40%\">\n<h2 class=\"wp-block-heading is-style-asterisk\">La Bastide de la R\u00e9serve<\/h2>\n\n\n\n<ul style=\"line-height:1.75\" class=\"wp-block-list is-style-checkmark-list\">\n<li>12 personnes.<\/li>\n\n\n\n<li>6 chambres &#8211; 5 King size 180&#215;200 + Lit double et 6 salles de bains<\/li>\n\n\n\n<li>Ext\u00e9rieur privatif 8000m\u00b2 avec une Piscine.<\/li>\n<\/ul>\n\n\n\n<div class=\"wp-block-buttons is-layout-flex wp-block-buttons-is-layout-flex\">\n<div class=\"wp-block-button\"><a class=\"wp-block-button__link wp-element-button\" href=\"https:\/\/airbnb.fr\/h\/ledomainedelareserve\">R\u00e9servez<\/a><\/div>\n<\/div>\n<\/div>\n\n\n\n<div class=\"wp-block-column is-vertically-aligned-center is-layout-flow wp-block-column-is-layout-flow\" style=\"flex-basis:50%\">\n<figure class=\"wp-block-image aligncenter size-large is-style-rounded is-style-rounded--1\"><img loading=\"lazy\" decoding=\"async\" width=\"1024\" height=\"683\" src=\"https:\/\/lareservedepierrevert.fr\/wp-content\/uploads\/2026\/03\/Terrasse-principale--1024x683.jpg\" alt=\"\" class=\"wp-image-13\" srcset=\"https:\/\/lareservedepierrevert.fr\/wp-content\/uploads\/2026\/03\/Terrasse-principale--1024x683.jpg 1024w, https:\/\/lareservedepierrevert.fr\/wp-content\/uploads\/2026\/03\/Terrasse-principale--300x200.jpg 300w, https:\/\/lareservedepierrevert.fr\/wp-content\/uploads\/2026\/03\/Terrasse-principale--768x512.jpg 768w, https:\/\/lareservedepierrevert.fr\/wp-content\/uploads\/2026\/03\/Terrasse-principale--1536x1024.jpg 1536w\" sizes=\"auto, (max-width: 1024px) 100vw, 1024px\" \/><\/figure>\n<\/div>\n<\/div>\n\n\n\n<div class=\"wp-block-columns alignfull has-accent-5-background-color has-background is-layout-flex wp-container-core-columns-is-layout-ff75fed2 wp-block-columns-is-layout-flex\" style=\"border-style:none;border-width:0px;border-top-left-radius:0px;border-top-right-radius:0px;border-bottom-left-radius:0px;border-bottom-right-radius:0px;margin-top:var(--wp--preset--spacing--20);margin-bottom:var(--wp--preset--spacing--20);padding-top:var(--wp--preset--spacing--20);padding-right:var(--wp--preset--spacing--30);padding-bottom:var(--wp--preset--spacing--20);padding-left:var(--wp--preset--spacing--30)\">\n<div class=\"wp-block-column is-vertically-aligned-center is-layout-flow wp-block-column-is-layout-flow\" style=\"flex-basis:50%\">\n<div class=\"wp-block-group has-global-padding is-layout-constrained wp-block-group-is-layout-constrained\">\n<div class=\"wp-block-group has-global-padding is-layout-constrained wp-block-group-is-layout-constrained\">\n<figure class=\"wp-block-image aligncenter size-large has-custom-border is-style-rounded is-style-rounded--2\" style=\"margin-top:var(--wp--preset--spacing--20);margin-right:var(--wp--preset--spacing--10);margin-bottom:var(--wp--preset--spacing--20);margin-left:var(--wp--preset--spacing--10)\"><img loading=\"lazy\" decoding=\"async\" width=\"1024\" height=\"683\" src=\"https:\/\/lareservedepierrevert.fr\/wp-content\/uploads\/2026\/03\/VIVEZ-DRONE-18-1024x683.jpg\" alt=\"\" class=\"wp-image-93\" style=\"border-style:none;border-width:0px\" srcset=\"https:\/\/lareservedepierrevert.fr\/wp-content\/uploads\/2026\/03\/VIVEZ-DRONE-18-1024x683.jpg 1024w, https:\/\/lareservedepierrevert.fr\/wp-content\/uploads\/2026\/03\/VIVEZ-DRONE-18-300x200.jpg 300w, https:\/\/lareservedepierrevert.fr\/wp-content\/uploads\/2026\/03\/VIVEZ-DRONE-18-768x512.jpg 768w, https:\/\/lareservedepierrevert.fr\/wp-content\/uploads\/2026\/03\/VIVEZ-DRONE-18-1536x1024.jpg 1536w\" sizes=\"auto, (max-width: 1024px) 100vw, 1024px\" \/><\/figure>\n<\/div>\n<\/div>\n<\/div>\n\n\n\n<div class=\"wp-block-column is-layout-flow wp-block-column-is-layout-flow\" style=\"flex-basis:50%\">\n<h2 class=\"wp-block-heading is-style-asterisk\">G\u00eete &#8211; La vigie des Etoiles<\/h2>\n\n\n\n<ul class=\"wp-block-list is-style-checkmark-list\">\n<li>4 personnes<\/li>\n\n\n\n<li>2 chambres \u2013 2 salles de bain<\/li>\n\n\n\n<li>3 lits \u2013 1*King size 180&#215;200 \u2013 2 lits simple 90&#215;180<\/li>\n\n\n\n<li>Une piscine partag\u00e9e<\/li>\n<\/ul>\n\n\n\n<div class=\"wp-block-buttons is-layout-flex wp-block-buttons-is-layout-flex\">\n<div class=\"wp-block-button\"><a class=\"wp-block-button__link wp-element-button\" href=\"http:\/\/airbnb.fr\/h\/lavigiedesetoiles\">R\u00e9server<\/a><\/div>\n<\/div>\n<\/div>\n<\/div>\n\n\n\n<div class=\"wp-block-columns alignfull has-accent-background-color has-background is-layout-flex wp-container-core-columns-is-layout-d1c656ed wp-block-columns-is-layout-flex\">\n<div class=\"wp-block-column is-vertically-aligned-center is-layout-flow wp-block-column-is-layout-flow\" style=\"flex-basis:40%\">\n<h2 class=\"wp-block-heading is-style-asterisk\">G\u00eete &#8211; Les Terrasses du Verdon<\/h2>\n\n\n\n<ul style=\"line-height:1.75\" class=\"wp-block-list is-style-checkmark-list\">\n<li>4 personnes<\/li>\n\n\n\n<li>2 chambres \u2013 2 salles de bain<\/li>\n\n\n\n<li>3 lits \u2013 1*King size 180&#215;200 \u2013 2 lits simple 90&#215;180<\/li>\n\n\n\n<li>Une piscine partag\u00e9e<\/li>\n<\/ul>\n\n\n\n<div class=\"wp-block-buttons is-layout-flex wp-block-buttons-is-layout-flex\">\n<div class=\"wp-block-button\"><a class=\"wp-block-button__link wp-element-button\" href=\"https:\/\/airbnb.fr\/h\/lesterrassesduverdon\">R\u00e9servez<\/a><\/div>\n<\/div>\n<\/div>\n\n\n\n<div class=\"wp-block-column is-vertically-aligned-center is-layout-flow wp-block-column-is-layout-flow\" style=\"flex-basis:50%\">\n<figure class=\"wp-block-image aligncenter size-large is-style-rounded is-style-rounded--3\"><img decoding=\"async\" src=\"https:\/\/lareservedepierrevert.fr\/wp-content\/uploads\/2026\/03\/VIVEZ-DRONE-2-1024x683.jpg\" alt=\"\" class=\"wp-image-101\"\/><\/figure>\n<\/div>\n<\/div>\n\n\n\n<div class=\"wp-block-columns alignfull has-accent-2-background-color has-background is-layout-flex wp-container-core-columns-is-layout-ff75fed2 wp-block-columns-is-layout-flex\" style=\"border-style:none;border-width:0px;border-top-left-radius:0px;border-top-right-radius:0px;border-bottom-left-radius:0px;border-bottom-right-radius:0px;margin-top:var(--wp--preset--spacing--20);margin-bottom:var(--wp--preset--spacing--20);padding-top:var(--wp--preset--spacing--20);padding-right:var(--wp--preset--spacing--30);padding-bottom:var(--wp--preset--spacing--20);padding-left:var(--wp--preset--spacing--30)\">\n<div class=\"wp-block-column is-vertically-aligned-center is-layout-flow wp-block-column-is-layout-flow\" style=\"flex-basis:50%\">\n<div class=\"wp-block-group has-global-padding is-layout-constrained wp-block-group-is-layout-constrained\">\n<div class=\"wp-block-group has-global-padding is-layout-constrained wp-block-group-is-layout-constrained\">\n<figure class=\"wp-block-image aligncenter size-large has-custom-border is-style-rounded is-style-rounded--4\" style=\"margin-top:var(--wp--preset--spacing--20);margin-right:var(--wp--preset--spacing--10);margin-bottom:var(--wp--preset--spacing--20);margin-left:var(--wp--preset--spacing--10)\"><img loading=\"lazy\" decoding=\"async\" width=\"1024\" height=\"577\" src=\"https:\/\/lareservedepierrevert.fr\/wp-content\/uploads\/2026\/03\/Gite-3-Exterieur-20260211-5-1024x577.jpg\" alt=\"\" class=\"wp-image-335\" style=\"border-style:none;border-width:0px\" srcset=\"https:\/\/lareservedepierrevert.fr\/wp-content\/uploads\/2026\/03\/Gite-3-Exterieur-20260211-5-1024x577.jpg 1024w, https:\/\/lareservedepierrevert.fr\/wp-content\/uploads\/2026\/03\/Gite-3-Exterieur-20260211-5-300x169.jpg 300w, https:\/\/lareservedepierrevert.fr\/wp-content\/uploads\/2026\/03\/Gite-3-Exterieur-20260211-5-768x432.jpg 768w, https:\/\/lareservedepierrevert.fr\/wp-content\/uploads\/2026\/03\/Gite-3-Exterieur-20260211-5-1536x865.jpg 1536w, https:\/\/lareservedepierrevert.fr\/wp-content\/uploads\/2026\/03\/Gite-3-Exterieur-20260211-5-2048x1153.jpg 2048w\" sizes=\"auto, (max-width: 1024px) 100vw, 1024px\" \/><\/figure>\n<\/div>\n<\/div>\n<\/div>\n\n\n\n<div class=\"wp-block-column is-layout-flow wp-block-column-is-layout-flow\" style=\"flex-basis:50%\">\n<h2 class=\"wp-block-heading is-style-asterisk\">G\u00eete &#8211; Le Mazet de l\u2019Olivier<\/h2>\n\n\n\n<ul class=\"wp-block-list is-style-checkmark-list\">\n<li>4 personnes<\/li>\n\n\n\n<li>2 chambres \u2013 2 salles de bain<\/li>\n\n\n\n<li>2 lits &#8211; lit double 140&#215;180 &#8211; King size 180&#215;200<\/li>\n\n\n\n<li>Ext\u00e9rieur privatif 550m\u00b2 cl\u00f4tur\u00e9 avec une piscine jacuzzi chauff\u00e9e<\/li>\n\n\n\n<li>Une piscine partag\u00e9e<\/li>\n<\/ul>\n\n\n\n<div class=\"wp-block-buttons is-layout-flex wp-block-buttons-is-layout-flex\">\n<div class=\"wp-block-button\"><a class=\"wp-block-button__link wp-element-button\" href=\"http:\/\/airbnb.fr\/h\/lemazetdelolivier\">R\u00e9server<\/a><\/div>\n<\/div>\n<\/div>\n<\/div>\n","protected":false},"excerpt":{"rendered":"<p>La Bastide de la R\u00e9serve G\u00eete &#8211; La vigie des Etoiles G\u00eete &#8211; Les Terrasses du Verdon G\u00eete &#8211; Le Mazet de l\u2019Olivier<\/p>\n","protected":false},"author":1,"featured_media":0,"parent":0,"menu_order":0,"comment_status":"closed","ping_status":"closed","template":"","meta":{"footnotes":""},"class_list":["post-189","page","type-page","status-publish","hentry"],"_links":{"self":[{"href":"https:\/\/lareservedepierrevert.fr\/index.php\/wp-json\/wp\/v2\/pages\/189","targetHints":{"allow":["GET"]}}],"collection":[{"href":"https:\/\/lareservedepierrevert.fr\/index.php\/wp-json\/wp\/v2\/pages"}],"about":[{"href":"https:\/\/lareservedepierrevert.fr\/index.php\/wp-json\/wp\/v2\/types\/page"}],"author":[{"embeddable":true,"href":"https:\/\/lareservedepierrevert.fr\/index.php\/wp-json\/wp\/v2\/users\/1"}],"replies":[{"embeddable":true,"href":"https:\/\/lareservedepierrevert.fr\/index.php\/wp-json\/wp\/v2\/comments?post=189"}],"version-history":[{"count":7,"href":"https:\/\/lareservedepierrevert.fr\/index.php\/wp-json\/wp\/v2\/pages\/189\/revisions"}],"predecessor-version":[{"id":337,"href":"https:\/\/lareservedepierrevert.fr\/index.php\/wp-json\/wp\/v2\/pages\/189\/revisions\/337"}],"wp:attachment":[{"href":"https:\/\/lareservedepierrevert.fr\/index.php\/wp-json\/wp\/v2\/media?parent=189"}],"curies":[{"name":"wp","href":"https:\/\/api.w.org\/{rel}","templated":true}]}}